*3 - 31*c**2 + 49*c + 28. Let t be n(-17). Determine j(t).
11
Let q = -71 - -65. Let v be ((-2)/3)/(q/1107). Let c = -119 + v. Let o(y) = -y**2 + 2*y + 2. Calculate o(c).
-6
Let x(o) = o**3 + 3*o**2 - 14*o - 7. Let l(k) = 36*k + 246. Let h be l(-7). What is x(h)?
-31
Let i(t) = -83*t + 1. Let q(h) = -63*h + 2. Let j(s) = 7*i(s) - 9*q(s). Determine j(-5).
59
Let i(z) = 118*z**3 + 10*z**2 - 274*z + 10. Let p(d) = -47*d**3 - 4*d**2 + 114*d - 4. Let a(m) = -5*i(m) - 12*p(m). Calculate a(1).
-28
Let s(a) be the second derivative of -a**3/2 + 43*a**2/2 - 8570*a. Determine s(12).
7
Let g(w) be the third derivative of -w**5/120 + 7*w**3/6 - 3*w**2. Let p(a) be the first derivative of g(a). Suppose 35*r + 501 - 641 = 0. Calculate p(r).
-4
Let l = -97 + 107. Let w be (-1)/2 + 53*l/4. Let t(n) = -w*n + 254*n - 125*n. Determine t(-2).
6
Let v(f) be the first derivative of -f**4/2 - 4*f**3 + 16*f**2 + 122*f + 1404. Calculate v(-7).
-4
Let u(b) be the third derivative of b**4/12 - b**3 - 3*b**2 - 29*b. Let k be 3/5 - 68/(-20). What is u(k)?
2
Suppose -325*p - 20 = -305*p. Let k(d) be the first derivative of -4*d**3/3 - d - 5. Calculate k(p).
-5
Let g(s) = -3*s**3 - 13 + 2*s**3 + 9*s**2 - 1956*s + 1967*s. Determine g(10).
-3
Let l be -2 - (12/(-48) + (-15)/4). Let y(w) = -7*w**2 + 5*w - 6 - w**2 + 9*w**l. Determine y(4).
30
Let p be 3/18 - 0 - (-231)/126. Suppose 6*n = 8*n - p*y, -12 = 2*n + 4*y. Let j(t) = t**2 + 3*t + 3. Calculate j(n).
1
Let q(s) = -2*s**2 + 13*s - 9. Suppose 3109*d - 88 = 3098*d. What is q(d)?
-33
Let l(z) = 2*z - 13. Suppose 0 = -3*n - 4*d + 7*d - 6, 0 = 3*n - 5*d - 6. Give l(n).
-29
Let f(d) = -1 + 7 + 61*d - 1 - 62*d. Determine f(3).
2
Let d(i) = 379*i**2 + 354*i - 103. Let l(j) = 66*j**2 + 59*j - 17. Let r(b) = 4*d(b) - 23*l(b). Determine r(28).
63
Suppose 5*p - 30 = 100. Suppose -22*u - 8 = -p*u. Let l(x) = u*x + 0*x - x - 15 + 5. Calculate l(8).
-2
Let h(g) be the third derivative of 0*g - 3/2*g**3 - 14*g**2 + 0 - 7/8*g**4. Let n(j) = -5*j - 2. Let t(c) = 2*h(c) - 9*n(c). Determine t(-1).
-3
Let l(u) = -12*u**2 + 7*u - 11. Let v be l(2). Let q = 30 + v. Let d(w) = w**3 + 15*w**2 + 2*w + 22. What is d(q)?
-8
Let y(w) be the first derivative of -w**4/4 + 5*w**3 - 29*w**2 + 9*w - 10651. Determine y(7).
-5
Let n(s) = 11*s + 129. Let o be n(-12). Let j(a) be the first derivative of -a**3/3 - a**2/2 + 3*a + 36. Determine j(o).
-3
Let q = 11100 - 11118. Let x(f) = -2*f**2 - 34*f + 23. Give x(q).
-13
Let m(d) = 34*d**3 + 9*d**2 + 11*d - 240. Let a(y) = 7*y**3 + 2*y**2 + 2*y - 49. Let r(v) = 29*a(v) - 6*m(v). What is r(4)?
-13
Let s(b) = 3*b**2 + b**3 + 4*b**2 - 16234*b + 16240*b + 6. Give s(-5).
26
Let x(s) = 5*s - 28. Let y be x(7). Let u(f) = -5*f - y + 5 + 3*f. Let h be (-2 - -6)/8 + (-9)/2. Give u(h).
6
Let f(j) be the first derivative of -j**4/4 - 2*j**3 - 2*j**2 + 2*j - 2022. Give f(-6).
26
Let h = 7750 + -7740. Let g(j) = j**3 - 8*j**2 - 22*j + 27. Calculate g(h).
7
Suppose -5*i = 45, -3*w + 81*i = 76*i + 9. Let g(v) = -14*v - 264. What is g(w)?
-12
Let s(t) = 2*t. Let a be s(3). Let o = -13 + a. Let n(y) = -3*y + 8. Let h(m) = -3*m + 8. Let l(z) = o*h(z) + 6*n(z). Calculate l(6).
10
Let q(h) be the first derivative of -11*h**2 - 5. Suppose m + 6 = 3*m. Let v be -2 + 7 + (m - 7). Determine q(v).
-22
Let n(l) be the second derivative of l**4/12 - 5*l**3/3 + 3*l**2/2 + 1705*l. Let s be (1/3)/(3/72). Determine n(s).
-13
Let q(a) be the first derivative of -5*a**3 - 15/2*a**2 + 1/4*a**4 - 18*a + 185. Give q(16).
-2
Let q(w) = -w + 1. Let s(m) = 43*m + 11. Let g(f) = -79*f - 21. Let k(x) = 6*g(x) + 11*s(x). Let h(u) = 2*k(u) + 2*q(u). What is h(8)?
-40
Let t(y) be the first derivative of -y**2/2 - 27*y + 786. Calculate t(0).
-27
Let q(r) = r**3 + 16*r**2 + 20*r + 9. Let x be q(-10). Let j = -408 + x. Let w(h) = -23*h + 1. Give w(j).
-22
Let t be (10/(-3600))/((56/(-8))/21). Let v(n) be the third derivative of -7/24*n**4 + 0*n - t*n**6 - 7/60*n**5 - 1/3*n**3 + 0 - 12*n**2. What is v(-6)?
4
Let t = 115 + -51. Suppose 340 = 60*d - t*d. Let q = 81 + d. Let n(c) = c**3 + 4*c**2 + 1. Determine n(q).
1
Suppose m + m + 8 = 0. Let o be 126/33 + (-1)/(22/m). Let s(z) = z**3 - 5*z**2 + 4*z - 1. Give s(o).
-1
Let a(t) = -3*t + 1. Let i be a(1). Let h(o) = 5*o**2 - 8*o - 19. Let g(b) = 16*b**2 - 25*b - 60. Let m(q) = 6*g(q) - 19*h(q). What is m(i)?
1
Let y(p) = 8*p**2 - 13*p + 6. Let w(r) = -19*r**2 + 29*r - 11. Let c(d) = -2*w(d) - 5*y(d). Let j be (-45)/(-12) + (-4)/(-16). Calculate c(j).
-12
Let d be 14 + -5*(-18)/(-15). Let o(i) = 16*i + d*i - 2 - 18*i + 6. Determine o(-1).
-2
Let k = 6520 + -6518. Let a(o) = -10*o**2 + 20*o + 4. Determine a(k).
4
Let f(j) be the first derivative of -9*j**2/2 - 71*j + 2709. Calculate f(-9).
10
Suppose 3*x - 8*x - 45 = 0. Let g(y) be the third derivative of y**4/24 + 5*y**3/3 + 1044*y**2 - 5. What is g(x)?
1
Suppose 3*r = -6, 0 = -2*q - 0*q - 5*r - 8. Let s be (22 + -23)*(q - 1). Let v(j) = j**2 + j + 33. What is v(s)?
33
Let x(z) = -82*z - 12. Let w(c) = 52*c + 8. Let p(y) = 8*w(y) + 5*x(y). Calculate p(0).
4
Let u(f) = -3*f**3 + 5*f**2 - 3*f + 25. Suppose -9*d + 11 - 2 = 0. Let n(j) = j**3 - j**2 + j. Let x(b) = d*u(b) + 4*n(b). Give x(0).
25
Let a(o) = 2*o**3 + 124*o**2 + 235*o - 311. Let f be a(-60). Let y(c) = -3*c**2 - 12*c - 6*c**2 + 4*c**2 + 4*c**2 - 12. What is y(f)?
-1
Let o(m) be the second derivative of -2*m**3 - 27*m**2 - 2052*m. Determine o(-4).
-6
Let a(m) = -19*m**3 - 3*m**2 + 4*m + 6. Let n be a(-1). Let w(d) be the third derivative of 0 - d**3 - n*d**2 + 1/24*d**4 + 1/60*d**5 + 0*d. Calculate w(0).
-6
Let c = -38 - -40. Let l be 2 + 1*(4 - c). Suppose 16 = l*y + 12. Let v(o) = -o + 1. Give v(y).
0
Let h(x) = 2*x**3 - 4*x**2 - 2*x + 3. Let o(f) = -f**2 + 29*f - 151. Let a be o(21). Suppose 16*g + 3 = a*g. Give h(g).
15
Let d(q) = q - 12. Suppose -3*g - 1 - 620 = 0. Let m = g - -213. What is d(m)?
-6
Let a(x) = 35*x - 2. Let r(b) = 387*b - 25. Let s(k) = -22*a(k) + 2*r(k). Calculate s(-2).
-14
Let h(t) be the first derivative of -4/3*t**3 + 259 + 1/4*t**4 + 8*t - t**2. Give h(4).
0
Let b(u) = -u**3 + 6*u**2 + 6*u + 18. Let o = -3167 - -3174. What is b(o)?
11
Let i(q) = q - 1. Let j(f) = -f**2 + 1. Let o(l) = -2*i(l) + j(l). Suppose 0 = 33*g + 153 - 21. Determine o(g).
-5
Let z be 2*(-2)/16 - (-102)/(-136). Let l(g) = -11*g**3 - 2*g**2 - g. Give l(z).
10
Let r(w) = -54*w - 266. Suppose 0 = 4*d - 5*o - 15, 2*d - 184*o = -179*o + 25. What is r(d)?
4
Let m(s) = 7*s**3 - 2*s - 1. Suppose -x - 4 = -0*x. Let j be ((-2)/x)/((-12)/(-984)). Suppose 39*f - 2 = j*f. What is m(f)?
-6
Suppose a = -k + 380, 2*a = -4*k + 185 + 1325. Let l be (12/10)/((-225)/k). Let b(s) = -3*s - s**2 + 5*s**2 - 5*s**2 - 1. Determine b(l).
1
Suppose -3*v + 44*b - 41*b + 9 = 0, -9 = 5*v - 3*b. Let r(t) be the second derivative of t**4/12 + 4*t**3/3 + 9*t**2/2 - t. Give r(v).
18
Let n(b) = 6*b. Let g be 3 + 1 + (-14 - -14). Let d be (18/4)/((-9)/(-12)). Suppose -t = 3*x - d, 2*x + g*t = t + 11. Determine n(x).
6
Let k(o) be the first derivative of -o**3/3 - 13*o**2/2 + 6*o - 2774. Give k(-12).
18
Let c(s) be the second derivative of s**5/15 + s**4/12 - s**3/3 - 81*s**2 - 2*s + 50. Let i(z) be the second derivative of c(z). Calculate i(-1).
-6
Let y(f) = -f**2 + 4*f + 23. Suppose -5*r + 52*v = 47*v - 70, -v = 4*r - 21. Determine y(r).
2
Let h = -7 + 4. Let y(p) = 7*p**3 + 5*p**2 + 3*p - 5. Let m(u) = 9*u**3 + 6*u**2 + 4*u - 8. Let l(o) = -3*m(o) + 4*y(o). Determine l(h).
-5
Let u(k) = k**2 + 3*k - 7. Let q(w) = -1. Let f(l) = -3*q(l) + u(l). Let p(v) = 35*v**2 + v + 2. Let t be p(-2). Let n = -143 + t. Determine f(n).
-4
Let a = 2473 + -2484. Let d(f) = f**3 + 11*f**2 + f - 4. Determine d(a).
-15
Let r(z) = 5*z + 44. Suppose -168*q + 134*q = 272. Calculate r(q).
4
Let j(n) be the second derivative of -2 - 1/2*n**2 - 1/4*n**4 + 31*n + 1/3*n**3. What is j(2)?
-9
Suppose -196 = -5*a - 4*n, 0 = -a - 2*a - 3*n + 120. Suppose 3*v - 3*q + 0*q + a = 0, 8 = 2*q. Let t be -4 + v/(-2) - -4. Let u(i) = -6*i + 4. Determine u(t).
-20
Let f(o) = -2*o + 39 + 3*o - 92 + 52. Give f(-10).
-11
Suppose 51*h + 304 = -53. Let j(y) = 7*y + 9. Let w(g) = -5*g - 6. Let f(a) = 5*j(a) + 8*w(a). Determine f(h).
32
Let j(h) = h**2 + 14*h + 27. Let g be j(-12)